t the prime factors of x.
7
Let c be (4/(-6))/2*3. Let d(w) = -25*w - 1. Let m be d(c). Suppose -5*n + m = -3*n. What are the prime factors of n?
2, 3
Suppose -b - 12 = -47. Let a = b + -12. List the prime factors of a.
23
Suppose 4*n + 2*p = 213 - 51, -p = 4*n - 157. What are the prime factors of n?
2, 19
Suppose 3*t = 4*f + 65, f + 2*f - 26 = -t. What are the prime factors of t?
23
Suppose 0 = -5*v + 5, 3*x = -3*v + 27. Suppose -3*t + x*t = 105. What are the prime factors of t?
3, 7
Suppose w = 6*w. Suppose w = 2*p - 5*p + 39. List the prime factors of p.
13
Let g(h) be the first derivative of -h**5/120 + 2*h**4/3 + 2*h**3/3 + 4. Let q(p) be the third derivative of g(p). List the prime factors of q(10).
2, 3
Let y = -87 - -180. List the prime factors of y.
3, 31
What are the prime factors of 5/20 + (-4197)/(-12)?
2, 5, 7
Let k(r) = r**2 + 3*r - 5. Let v be k(-6). Let h be (-4)/(5/(-5 + 0)). Suppose -2*x = h*o - 10, -v = o + 5*x - 2. What are the prime factors of o?
2
Let v be (-2)/8 - (-1)/4. Suppose 0 = -v*d - 2*d + 6. What are the prime factors of d?
3
Let g(i) = -9*i - 6. List the prime factors of g(-5).
3, 13
Let i(l) = 0 - 1 - 1 + 6*l**3 + 1 - 2*l**2. List the prime factors of i(2).
3, 13
Suppose -3*b = 4*z - b - 32, 10 = 5*b. What are the prime factors of z?
7
Suppose -7*p - p + 2104 = 0. List the prime factors of p.
263
Let u(c) = -1. Let n(o) = -3*o**2 + 3. Let m(v) = -n(v) - 2*u(v). Let l be m(1). What are the prime factors of 33/3 - l/1?
3
Suppose -16 = -2*i - 5*s + 17, 2*i + s - 21 = 0. What are the prime factors of i?
3
Let z(w) be the third derivative of w**4/12 - 5*w**3/3 - w**2. Let s be z(9). Let r = s + -6. List the prime factors of r.
2
Let r = -2 + 10. List the prime factors of r.
2
What are the prime factors of (21/(-9))/(1/66*-1)?
2, 7, 11
Suppose -13 - 4 = -5*u + m, 5*m - 7 = 2*u. Let x(k) = 1 - 3*k**2 + k**3 + 0 + 0*k - 3*k. What are the prime factors of x(u)?
5
Let t be (6 + -4)/((-2)/(-2)). Suppose 0 = -t*h + 11 + 11. List the prime factors of h.
11
Let p(q) = 4*q**2. Let u be p(-1). Suppose j = 3*y - 9, y - 3*y = u*j + 36. Let l = -1 - j. List the prime factors of l.
2
Suppose -4*k + 18 = 2*f, 18 = 2*f + 5*k - 2*k. What are the prime factors of (-2)/(6/f) + 23?
2, 5
Suppose 0 = -5*o - 5, -y + 0*y - 3*o - 2 = 0. Suppose m = 6 + y. Suppose -2*b + m = -b. What are the prime factors of b?
7
Suppose j + 5*r - 136 = 0, -140 = -j - 4*r - 0. What are the prime factors of j?
2, 3, 13
Let y(c) = -c**2 + 9*c - 6. List the prime factors of y(7).
2
Let i(k) = 4*k + 25. List the prime factors of i(6).
7
Suppose 0 = 2*o - g + 3, 0 = -5*o - 2*g + 5*g - 9. Suppose l + o*l - 5 = 0. What are the prime factors of l?
5
Let r(i) = -i - 3. Let p be r(-6). Suppose -p*w = 3*a - 42, -w + a = -a - 26. List the prime factors of w.
2, 3
List the prime factors of (-42)/5*30/(-4).
3, 7
Let j = 13 - 9. What are the prime factors of 3/(2 - 2/j)?
2
Let u(n) = n**2 + 0*n - 6*n + 7*n. Let c be u(-5). Suppose -c + 60 = 4*b. List the prime factors of b.
2, 5
Suppose 460 = -10*c + 15*c. What are the prime factors of c?
2, 23
Suppose 4*f = 3*k + 3*f - 563, 20 = 5*f. What are the prime factors of k?
3, 7
Suppose 82*a - 1904 = 74*a. List the prime factors of a.
2, 7, 17
Let k be 377/26 - 1/(-2). Suppose -k = 3*n - 75. What are the prime factors of n?
2, 5
Suppose 0 = 4*x - 2*y - 254, 185 = 3*x - 5*y + 9*y. What are the prime factors of x?
3, 7
Suppose -3*y + 2*c + 104 = y, -2*c - 52 = -2*y. List the prime factors of y.
2, 13
What are the prime factors of ((-156)/(-9) - -3) + 6/9?
3, 7
Let f = 24 - 19. Suppose 5*m + f*x = 290, x = -5*m + 140 + 134. What are the prime factors of m?
2, 3
Suppose -3*q - 57 + 334 = 5*l, 0 = 4*l + 4*q - 220. List the prime factors of l.
2, 7
Let h(v) = -3*v - 3. Let x be h(-2). Suppose -x*f + 14 = -2*f. What are the prime factors of f?
2, 7
Let n(z) = 8*z**2 - 42 + 21 - z + 23. List the prime factors of n(2).
2
Let x be (-68)/(-18) - (-4)/18. Suppose x*y - 92 = 4*r - 2*r, 2*r - 23 = -y. What are the prime factors of y?
23
Let l(f) = 11*f**2 + f. Let w be l(1). Suppose -6*v = -10*v + w. List the prime factors of v.
3
Suppose 4*w - 3 = 4*z + w, w + 15 = -4*z. What are the prime factors of 0 + 3/z*-9?
3
Suppose 2*t - 6 = 12. Let p = t + -4. Let s = 0 + p. What are the prime factors of s?
5
What are the prime factors of 54/24 + (-1)/4?
2
List the prime factors of (-1 - (-207)/6)*(-1 + 3).
67
Suppose -3*i - 4 = 35. Let h = 7 + i. Let s = h - -13. What are the prime factors of s?
7
Let d = 10 + -10. Suppose -3*l - 5*i + 6 = 0, -i - 17 = -2*l - d*i. What are the prime factors of l?
7
Let h = 0 - -3. Suppose 3*q = -3*q. Suppose -4*n - h + 67 = q. List the prime factors of n.
2
Let y(g) = 8*g - 11. List the prime factors of y(7).
3, 5
Suppose 7*w = 3*w - 120. Let p be (-2 - 0)*w/20. Let q(y) = 2*y + 1. What are the prime factors of q(p)?
7
Let b = -149 - -269. List the prime factors of b.
2, 3, 5
Let t = 8 - 4. Let z be (-3)/((-7)/t - -1). Suppose -5*r = 5*x + 23 - 93, 32 = 4*x - z*r. List the prime factors of x.
11
Let f be 1 + (-195)/(0 - 3). Suppose i + i = f. Suppose -2*g - g = -i. List the prime factors of g.
11
Let g = -11 - -17. Suppose 0 = 4*v - 2*y - 14, -2 = 4*v - 4*y - 22. What are the prime factors of 3/(g/v) + 6?
7
Suppose -y - 55 = -3*y - 5*a, 0 = -a + 3. Let g = y + 16. What are the prime factors of g?
2, 3
Suppose -2*n + 3 = -5. Suppose 3*f = -i - f + 17, f - 83 = -n*i. List the prime factors of i.
3, 7
Suppose -2*d + 10 - 30 = 0. Let h = d + 20. Suppose -l + h = -4. List the prime factors of l.
2, 7
Suppose 2*d + 2*d - 8 = 0. Suppose d = j + 3. What are the prime factors of 1 - (3 - 2)/j?
2
Let k(y) be the second derivative of 11*y**4/6 + y**3/6 + y**2/2 + 8*y. List the prime factors of k(1).
2, 3
Let f be 8/(-6)*(-6)/4. Suppose j - 2*j = f*w + 2, 0 = 3*j - 2*w - 10. Suppose -12 = j*u - 42. List the prime factors of u.
3, 5
Let l(q) = q - 2. Let r be l(5). What are the prime factors of 22 - (-1 - 0/r)?
23
Suppose -3*f - 4*l = -1048, 0*f - l = -4*f + 1429. What are the prime factors of f?
2, 89
Suppose 4*o = -0*o + 20. Suppose z - 36 = o. Suppose 2*g + 2*g + z = 5*y, 2*g = -3*y + 29. List the prime factors of y.
3
Let c(q) = q**2 - 2. Let d be c(5). Let r = 35 + d. List the prime factors of r.
2, 29
Let m(j) = j**3 + 8*j**2 + 5*j + 2. Let g(k) = -k - 17. Let d be g(-12). What are the prime factors of m(d)?
2, 13
Suppose 29*z - 26*z - 159 = 0. What are the prime factors of z?
53
Suppose -308 = -3*p + 154. What are the prime factors of p?
2, 7, 11
Suppose 3*x - 2*x = 115. List the prime factors of x.
5, 23
Suppose 3 = -2*l + 3*o, 3*l + 4*o - 4 = -2*l. Suppose -4*k - k - 10 = l. Let z = 9 - k. What are the prime factors of z?
11
Suppose -5*a + 100 = 5*y - 285, 231 = 3*a + 2*y. What are the prime factors of a?
7, 11
What are the prime factors of 2064/(-8)*(1/2)/(-1)?
3, 43
Let y(i) = i - 2. Let h(q) = -q - 1. Let u(v) = h(v) - y(v). Let a(o) = -o - 1. Let f(t) = 3*a(t) + u(t). What are the prime factors of f(-2)?
2
Suppose a - 3*a = 5*x - 5, 4*a - 5*x = -35. Let i(n) = n**3 + 6*n**2 - 5*n - 2. What are the prime factors of i(a)?
2, 3
Let y(t) be the second derivative of -1/2*t**2 + 0 - 2*t + 1/6*t**3. List the prime factors of y(6).
5
Suppose 0 = -8*u + 3*u + 20. Let l be (u - 1) + 4 + -5. List the prime factors of (-1)/l - (-45)/6.
7
Suppose 2*q + 0*q = 2. Suppose -j + q + 3 = 0. List the prime factors of j.
2
Suppose 3*d = 2*h - 18, -4*h = h - 3*d - 27. Let y(w) = 4*w + 4. What are the prime factors of y(h)?
2
Let a(t) = 4*t**3 - 4*t**2 - 2*t + 10. List the prime factors of a(3).
2, 19
Suppose 4*k = 2*k + 58. Suppose -z - k = -h, h + 2*z - 29 = z. List the prime factors of h.
29
Let n = -24 - 11. Let k = -3 - n. What are the prime factors of k?
2
Suppose -2*q - 3*q = 40. Let c(w) = w**2 + 2*w. Let y be c(q). Suppose 6*s = 2*s + y. List the prime factors of s.
2, 3
Let j = 49 - 72. Let p = 34 + j. List the prime factors of p.
11
Let x(y) = y**2 + 7*y + 7. Let f be 2/((-4)/(-6)) + -3. Let z be -10 + (2 + f - 0). List the prime factors of x(z).
3, 5
Let r be 6/12 + (-6)/(-4). Suppose r*g - n = 12, -n + 4*n = g - 1. List the prime factors of g.
7
Suppose -4 = 3*i + i, -3*c + 2*i + 11 = 0. Suppose -o = -y - 0*o + 41, 5*o - 1